{"id":13,"date":"2024-02-07T00:26:37","date_gmt":"2024-02-06T23:26:37","guid":{"rendered":"https:\/\/mitikaconstructora.com.mx\/?page_id=13"},"modified":"2024-10-28T06:08:36","modified_gmt":"2024-10-28T05:08:36","slug":"precios","status":"publish","type":"page","link":"https:\/\/mitikaconstructora.com.mx\/index.php\/precios\/","title":{"rendered":"TU PROYECTO"},"content":{"rendered":"\n<div style=\"height:100px\" aria-hidden=\"true\" class=\"wp-block-spacer\"><\/div>\n\n\n\n<div class=\"wp-block-group alignwide is-layout-constrained wp-block-group-is-layout-constrained\" style=\"padding-top:3rem\">\n<div class=\"wp-block-columns is-layout-flex wp-container-core-columns-layout-1 wp-block-columns-is-layout-flex\" style=\"margin-top:0;margin-bottom:0\">\n<div class=\"wp-block-column is-layout-flow wp-container-core-column-layout-1 wp-block-column-is-layout-flow\" style=\"padding-bottom:30px\">\n<div class=\"wp-block-group heading-default wow fadeInUp is-content-justification-center is-nowrap is-layout-flex wp-container-core-group-layout-1 wp-block-group-is-layout-flex\">\n<p class=\"badge cl-bg-primary ttl\">Mitika Constructora<\/p>\n<\/div>\n\n\n\n<h2 class=\"wp-block-heading has-text-align-center seprate-with-span\">Desarrollamos tu proyecto<\/h2>\n\n\n\n<p class=\"has-text-align-center\" style=\"padding-top:20px;padding-right:5rem;padding-left:5rem\">Maximizamos el control y minimizamos los riesgos de tu construcci\u00f3n, revisamos muy bien cada detalle de tu pr<strong _msttexthash=\"39604097\" _msthash=\"605\">oyecto <\/strong>para que puedas tener una construcci\u00f3n eficiente, de calidad, con equipo especializado, incluimos la maquinaria adecuada, un equipo competente y capacitado.<\/p>\n<\/div>\n<\/div>\n\n\n\n<div class=\"wp-block-columns alignfull are-vertically-aligned-center is-layout-flex wp-container-core-columns-layout-2 wp-block-columns-is-layout-flex\" style=\"padding-right:4rem;padding-left:4rem\">\n<div class=\"wp-block-column is-vertically-aligned-center is-layout-flow wp-block-column-is-layout-flow\" style=\"padding-bottom:4rem\">\n<div class=\"wp-block-group pricing-item is-layout-constrained wp-block-group-is-layout-constrained\" style=\"padding-bottom:var(--wp--preset--spacing--40)\">\n<h3 class=\"wp-block-heading has-background-color has-text-color\">Basic<\/h3>\n\n\n\n<span class=\"pricing-icon\">\n<i class=\"fas fa-cloud\"><\/i>\n<\/span>\n\n\n\n<p class=\"has-slider-title-font-size\"><font _mstmutation=\"1\" _msttexthash=\"153582\" _msthash=\"146\"><strong _mstmutation=\"1\" _istranslated=\"1\" _msttexthash=\"20436\" _msthash=\"1069\">$<\/strong><sub _mstmutation=\"1\" _istranslated=\"1\" _msttexthash=\"263848\" _msthash=\"1064\"> <\/sub><sub _mstmutation=\"1\" _istranslated=\"1\" _msttexthash=\"238719\" _msthash=\"1064\">Consultor\u00edas<\/sub><\/font><\/p>\n\n\n\n<hr class=\"wp-block-separator alignwide has-text-color has-alpha-channel-opacity has-background is-style-wide\" style=\"margin-top:var(--wp--preset--spacing--70);margin-bottom:var(--wp--preset--spacing--30);background-color:#dedede;color:#dedede\"\/>\n\n\n\n<ul>\n<li>Construction Site Safety<\/li>\n\n\n\n<li>Interaction with Public Realm<\/li>\n\n\n\n<li>Temporary Protection<\/li>\n\n\n\n<li>Project or Work Summary<\/li>\n\n\n\n<li>Milestone \/ High-Level Schedule<\/li>\n<\/ul>\n\n\n\n<div class=\"wp-block-buttons is-content-justification-center is-layout-flex wp-container-core-buttons-layout-1 wp-block-buttons-is-layout-flex\" style=\"margin-bottom:var(--wp--preset--spacing--60)\">\n<div class=\"wp-block-button\"><a class=\"wp-block-button__link has-background-color has-primary-background-color has-text-color has-background wp-element-button\" style=\"border-radius:5px;padding-top:10px;padding-right:20px;padding-bottom:10px;padding-left:20px\">CHOOSE PLAN<\/a><\/div>\n<\/div>\n<\/div>\n<\/div>\n\n\n\n<div class=\"wp-block-column is-vertically-aligned-center is-layout-flow wp-block-column-is-layout-flow\" style=\"padding-bottom:4rem\">\n<div class=\"wp-block-group pricing-item cl-recommended is-layout-constrained wp-block-group-is-layout-constrained\" style=\"padding-bottom:var(--wp--preset--spacing--40)\">\n<p class=\"cl-recommended-badge\">Popular<\/p>\n\n\n\n<h3 class=\"wp-block-heading has-background-color has-text-color\" style=\"margin-top:0;margin-right:0;margin-bottom:0;margin-left:0\">Popular<\/h3>\n\n\n\n<span class=\"pricing-icon\">\n<i class=\"fas fa-home\"><\/i>\n<\/span>\n\n\n\n<p class=\"has-slider-title-font-size\"><font _mstmutation=\"1\" _msttexthash=\"153790\" _msthash=\"169\"><strong _mstmutation=\"1\" _istranslated=\"1\">$<\/strong> <sub _mstmutation=\"1\" _istranslated=\"1\">Planificaci\u00f3n, costos y direcci\u00f3n de obra.<\/sub><\/font><\/p>\n\n\n\n<hr class=\"wp-block-separator alignwide has-text-color has-alpha-channel-opacity has-background is-style-wide\" style=\"margin-top:var(--wp--preset--spacing--70);margin-bottom:var(--wp--preset--spacing--30);background-color:#dedede;color:#dedede\"\/>\n\n\n\n<ul>\n<li>Delivery Management<\/li>\n\n\n\n<li>Vertical Access Plan<\/li>\n\n\n\n<li>Lifting and Hoisting<\/li>\n\n\n\n<li>Project or Work Summary<\/li>\n\n\n\n<li>Construction Site Safety<\/li>\n\n\n\n<li>Interaction with Public Realm<\/li>\n\n\n\n<li>Temporary Protection<\/li>\n\n\n\n<li>Project or Work Summary<\/li>\n\n\n\n<li>Milestone \/ High-Level Schedule<\/li>\n<\/ul>\n\n\n\n<div class=\"wp-block-buttons is-content-justification-center is-layout-flex wp-container-core-buttons-layout-2 wp-block-buttons-is-layout-flex\" style=\"margin-bottom:var(--wp--preset--spacing--60)\">\n<div class=\"wp-block-button\"><a class=\"wp-block-button__link has-background-color has-black-background-color has-text-color has-background wp-element-button\" style=\"border-radius:5px;padding-top:10px;padding-right:20px;padding-bottom:10px;padding-left:20px\">CHOOSE PLAN<\/a><\/div>\n<\/div>\n<\/div>\n<\/div>\n\n\n\n<div class=\"wp-block-column is-vertically-aligned-center is-layout-flow wp-block-column-is-layout-flow\" style=\"padding-bottom:4rem\">\n<div class=\"wp-block-group pricing-item is-layout-constrained wp-block-group-is-layout-constrained\" style=\"padding-bottom:var(--wp--preset--spacing--40)\">\n<h3 class=\"wp-block-heading has-background-color has-text-color\">Advance<\/h3>\n\n\n\n<span class=\"pricing-icon\">\n<i class=\"fab fa-adn\"><\/i>\n<\/span>\n\n\n\n<p class=\"has-slider-title-font-size\"><font _mstmutation=\"1\" _msttexthash=\"153686\" _msthash=\"199\"><strong _mstmutation=\"1\" _istranslated=\"1\" _msttexthash=\"8684\" _msthash=\"1214\">$<\/strong> <sub _mstmutation=\"1\" _istranslated=\"1\">Creaci\u00f3n de proyectos<\/sub><\/font><\/p>\n\n\n\n<hr class=\"wp-block-separator alignwide has-text-color has-alpha-channel-opacity has-background is-style-wide\" style=\"margin-top:var(--wp--preset--spacing--70);margin-bottom:var(--wp--preset--spacing--30);background-color:#dedede;color:#dedede\"\/>\n\n\n\n<ul>\n<li>Construction Site Safety<\/li>\n\n\n\n<li>Interaction with Public Realm<\/li>\n\n\n\n<li>Temporary Protection<\/li>\n\n\n\n<li>Project or Work Summary<\/li>\n\n\n\n<li>Milestone \/ High-Level Schedule<\/li>\n<\/ul>\n\n\n\n<div class=\"wp-block-buttons is-content-justification-center is-layout-flex wp-container-core-buttons-layout-3 wp-block-buttons-is-layout-flex\" style=\"margin-bottom:var(--wp--preset--spacing--60)\">\n<div class=\"wp-block-button\"><a class=\"wp-block-button__link has-background-color has-primary-background-color has-text-color has-background wp-element-button\" style=\"border-radius:5px;padding-top:10px;padding-right:20px;padding-bottom:10px;padding-left:20px\">CHOOSE PLAN<\/a><\/div>\n<\/div>\n<\/div>\n<\/div>\n<\/div>\n<\/div>\n\n\n\n<div style=\"height:100px\" aria-hidden=\"true\" class=\"wp-block-spacer\"><\/div>\n\n\n\n<div class=\"wp-block-group alignwide has-white-background-color has-background is-layout-constrained wp-container-core-group-layout-18 wp-block-group-is-layout-constrained\" style=\"border-style:none;border-width:0px;padding-top:100px;padding-right:20px;padding-bottom:100px;padding-left:20px\">\n<div class=\"wp-block-columns alignwide is-layout-flex wp-container-core-columns-layout-6 wp-block-columns-is-layout-flex\">\n<div class=\"wp-block-column is-vertically-aligned-top is-layout-flow wp-block-column-is-layout-flow\">\n<div class=\"wp-block-columns is-not-stacked-on-mobile animated animated-fadeInUp is-layout-flex wp-container-core-columns-layout-3 wp-block-columns-is-layout-flex\">\n<div class=\"wp-block-column is-layout-flow wp-block-column-is-layout-flow\" style=\"flex-basis:100px\">\n<div class=\"wp-block-group is-layout-flow wp-block-group-is-layout-flow\" style=\"padding-bottom:15px\">\n<figure class=\"wp-block-image aligncenter size-full is-resized has-custom-border wp-duotone-ff5418-ff5418-1\"><img decoding=\"async\" src=\"https:\/\/mitikaconstructora.com.mx\/wp-content\/themes\/construction-light\/assets\/default\/icon-1.png\" alt=\"\" class=\"wp-image-3974\" style=\"border-radius:0px;width:50px;height:50px\"\/><\/figure>\n<\/div>\n<\/div>\n\n\n\n<div class=\"wp-block-column is-layout-flow wp-block-column-is-layout-flow\" style=\"flex-basis:66.66%\">\n<div class=\"wp-block-group is-layout-flow wp-container-core-group-layout-7 wp-block-group-is-layout-flow\">\n<h3 class=\"wp-block-heading\"><a _msttexthash=\"437229\" _msthash=\"379\" href=\"#\"><a href=\"https:\/\/mitikaconstructora.com.mx\/index.php\/servicio\/#\">Habitacional<\/a><\/a><\/h3>\n\n\n\n<p class=\"has-text-align-left\">Condominios, departamentos, casas y vivienda colectiva.<\/p>\n<\/div>\n<\/div>\n<\/div>\n<\/div>\n\n\n\n<div class=\"wp-block-column is-vertically-aligned-top is-layout-flow wp-block-column-is-layout-flow\">\n<div class=\"wp-block-columns is-not-stacked-on-mobile animated animated-fadeInUp is-layout-flex wp-container-core-columns-layout-4 wp-block-columns-is-layout-flex\">\n<div class=\"wp-block-column is-layout-flow wp-block-column-is-layout-flow\" style=\"flex-basis:100px\">\n<div class=\"wp-block-group is-layout-flow wp-block-group-is-layout-flow\" style=\"padding-bottom:15px\">\n<figure class=\"wp-block-image aligncenter size-full is-resized has-custom-border wp-duotone-ff5418-ff5418-2\"><img decoding=\"async\" src=\"https:\/\/mitikaconstructora.com.mx\/wp-content\/themes\/construction-light\/assets\/default\/icon-2.png\" alt=\"\" class=\"wp-image-3975\" style=\"border-radius:0px;width:50px;height:50px\"\/><\/figure>\n<\/div>\n<\/div>\n\n\n\n<div class=\"wp-block-column is-layout-flow wp-block-column-is-layout-flow\" style=\"flex-basis:66.66%\">\n<div class=\"wp-block-group is-layout-flow wp-container-core-group-layout-9 wp-block-group-is-layout-flow\">\n<h3 class=\"wp-block-heading\"><a _msttexthash=\"643994\" _msthash=\"240\" href=\"#\"><strong><br>Comercial<\/strong><\/a><\/h3>\n\n\n\n<p class=\"has-text-align-left\">Plazas comerciales, locales comerciales, hoteles, restaurantes, instituciones educativas, hospitales, etc.<\/p>\n<\/div>\n<\/div>\n<\/div>\n<\/div>\n\n\n\n<div class=\"wp-block-column is-vertically-aligned-top is-layout-flow wp-block-column-is-layout-flow\">\n<div class=\"wp-block-columns is-not-stacked-on-mobile animated animated-fadeInUp is-layout-flex wp-container-core-columns-layout-5 wp-block-columns-is-layout-flex\">\n<div class=\"wp-block-column is-layout-flow wp-block-column-is-layout-flow\" style=\"flex-basis:100px\">\n<div class=\"wp-block-group is-layout-flow wp-block-group-is-layout-flow\" style=\"padding-bottom:15px\">\n<figure class=\"wp-block-image aligncenter size-full is-resized has-custom-border wp-duotone-ff5418-ff5418-3\"><img decoding=\"async\" src=\"https:\/\/mitikaconstructora.com.mx\/wp-content\/themes\/construction-light\/assets\/default\/icon-3.png\" alt=\"\" class=\"wp-image-3976\" style=\"border-radius:0px;width:50px;height:50px\"\/><\/figure>\n<\/div>\n<\/div>\n\n\n\n<div class=\"wp-block-column is-layout-flow wp-block-column-is-layout-flow\" style=\"flex-basis:66.66%\">\n<div class=\"wp-block-group is-layout-flow wp-container-core-group-layout-11 wp-block-group-is-layout-flow\">\n<h3 class=\"wp-block-heading\"><a _msttexthash=\"373646\" _msthash=\"251\" href=\"#\"><strong><br>Infraestructura<\/strong><\/a><\/h3>\n\n\n\n<p class=\"has-text-align-left\">Autopistas, calles, carreteras, puentes, parques, obra hidr\u00e1ulica, etc.<\/p>\n<\/div>\n<\/div>\n<\/div>\n<\/div>\n<\/div>\n\n\n\n<div class=\"wp-block-columns alignwide is-layout-flex wp-container-core-columns-layout-10 wp-block-columns-is-layout-flex\">\n<div class=\"wp-block-column is-vertically-aligned-top is-layout-flow wp-block-column-is-layout-flow\">\n<div class=\"wp-block-columns is-not-stacked-on-mobile animated animated-fadeInUp is-layout-flex wp-container-core-columns-layout-7 wp-block-columns-is-layout-flex\">\n<div class=\"wp-block-column is-layout-flow wp-block-column-is-layout-flow\" style=\"flex-basis:100px\">\n<div class=\"wp-block-group is-layout-flow wp-block-group-is-layout-flow\" style=\"padding-bottom:15px\">\n<figure class=\"wp-block-image aligncenter size-full is-resized has-custom-border wp-duotone-ff5418-ff5418-4\"><img decoding=\"async\" src=\"https:\/\/mitikaconstructora.com.mx\/wp-content\/themes\/construction-light\/assets\/default\/icon-4.png\" alt=\"\" class=\"wp-image-3977\" style=\"border-radius:0px;width:50px;height:50px\"\/><\/figure>\n<\/div>\n<\/div>\n\n\n\n<div class=\"wp-block-column is-layout-flow wp-block-column-is-layout-flow\" style=\"flex-basis:66.66%\">\n<div class=\"wp-block-group is-layout-flow wp-container-core-group-layout-13 wp-block-group-is-layout-flow\">\n<h3 class=\"wp-block-heading\"><a href=\"https:\/\/mitikaconstructora.com.mx\/index.php\/servicio\/#\"><strong>Industrial<\/strong><\/a><\/h3>\n\n\n\n<p class=\"has-text-align-left\">Trabamos en diversas \u00e1reas como, naves comerciales, planta industrial, elevadores de carga, etc.<\/p>\n<\/div>\n<\/div>\n<\/div>\n<\/div>\n\n\n\n<div class=\"wp-block-column is-vertically-aligned-top is-layout-flow wp-block-column-is-layout-flow\">\n<div class=\"wp-block-columns is-not-stacked-on-mobile animated animated-fadeInUp is-layout-flex wp-container-core-columns-layout-8 wp-block-columns-is-layout-flex\">\n<div class=\"wp-block-column is-layout-flow wp-block-column-is-layout-flow\" style=\"flex-basis:100px\">\n<div class=\"wp-block-group is-layout-flow wp-block-group-is-layout-flow\" style=\"padding-bottom:15px\">\n<figure class=\"wp-block-image aligncenter size-full is-resized has-custom-border wp-duotone-ff5418-ff5418-5\"><img decoding=\"async\" src=\"https:\/\/mitikaconstructora.com.mx\/wp-content\/themes\/construction-light\/assets\/default\/icon-5.png\" alt=\"\" class=\"wp-image-3978\" style=\"border-radius:0px;width:50px;height:50px\"\/><\/figure>\n<\/div>\n<\/div>\n\n\n\n<div class=\"wp-block-column is-layout-flow wp-block-column-is-layout-flow\" style=\"flex-basis:66.66%\">\n<h3 class=\"wp-block-heading\"><a _msttexthash=\"303563\" _msthash=\"274\" href=\"#\"><strong _msttexthash=\"257374\" _msthash=\"1093\"><br>Remodelaciones<\/strong><\/a><\/h3>\n\n\n\n<div class=\"wp-block-group is-layout-flow wp-container-core-group-layout-15 wp-block-group-is-layout-flow\">\n<p class=\"has-text-align-left\">Desarrollo de nuevos dise\u00f1os para una obra existente. Incluye realizar el levantamiento de lo existente, la revisi\u00f3n de los sistemas mec\u00e1nicos, el\u00e9ctricos y estructurales para determinar si la remodelaci\u00f3n implicar\u00e1 un cambio en estos.<\/p>\n<\/div>\n<\/div>\n<\/div>\n<\/div>\n\n\n\n<div class=\"wp-block-column is-vertically-aligned-top animated animated-fadeInUp is-layout-flow wp-block-column-is-layout-flow\">\n<div class=\"wp-block-columns is-not-stacked-on-mobile is-layout-flex wp-container-core-columns-layout-9 wp-block-columns-is-layout-flex\">\n<div class=\"wp-block-column is-layout-flow wp-block-column-is-layout-flow\" style=\"flex-basis:100px\">\n<div class=\"wp-block-group is-layout-flow wp-block-group-is-layout-flow\" style=\"padding-bottom:15px\">\n<figure class=\"wp-block-image aligncenter size-full is-resized has-custom-border wp-duotone-ff5418-ff5418-6\"><img decoding=\"async\" src=\"https:\/\/mitikaconstructora.com.mx\/wp-content\/themes\/construction-light\/assets\/default\/icon-6.png\" alt=\"\" class=\"wp-image-3979\" style=\"border-radius:0px;width:50px;height:50px\"\/><\/figure>\n<\/div>\n<\/div>\n\n\n\n<div class=\"wp-block-column is-layout-flow wp-block-column-is-layout-flow\" style=\"flex-basis:66.66%\">\n<div class=\"wp-block-group is-layout-flow wp-container-core-group-layout-17 wp-block-group-is-layout-flow\">\n<h3 class=\"wp-block-heading\"><a _msttexthash=\"215150\" _msthash=\"285\" href=\"#\"><a href=\"https:\/\/mitikaconstructora.com.mx\/index.php\/servicio\/#\"><strong>Corporativo<\/strong><\/a><\/a><\/h3>\n\n\n\n<p class=\"has-text-align-left\">Teniendo en cuenta la imagen de una marca, dise\u00f1amos para ella espacios comerciales ideales.<\/p>\n<\/div>\n<\/div>\n<\/div>\n<\/div>\n<\/div>\n<\/div>\n\n\n\n<div style=\"height:100px\" aria-hidden=\"true\" class=\"wp-block-spacer\"><\/div>\n","protected":false},"excerpt":{"rendered":"<p>Mitika Constructora Desarrollamos tu proyecto Maximizamos el control y minimizamos los riesgos de tu construcci\u00f3n, revisamos muy bien cada detalle de tu proyecto para que puedas tener una construcci\u00f3n eficiente, de calidad, con equipo especializado, incluimos la maquinaria adecuada, un equipo competente y capacitado. Basic $ Consultor\u00edas Popular Popular $ Planificaci\u00f3n, costos y direcci\u00f3n de obra. Advance $ Creaci\u00f3n de&hellip;<\/p>\n","protected":false},"author":1,"featured_media":0,"parent":0,"menu_order":0,"comment_status":"closed","ping_status":"closed","template":"template-pagebuilder.php","meta":{"footnotes":""},"_links":{"self":[{"href":"https:\/\/mitikaconstructora.com.mx\/index.php\/wp-json\/wp\/v2\/pages\/13"}],"collection":[{"href":"https:\/\/mitikaconstructora.com.mx\/index.php\/wp-json\/wp\/v2\/pages"}],"about":[{"href":"https:\/\/mitikaconstructora.com.mx\/index.php\/wp-json\/wp\/v2\/types\/page"}],"author":[{"embeddable":true,"href":"https:\/\/mitikaconstructora.com.mx\/index.php\/wp-json\/wp\/v2\/users\/1"}],"replies":[{"embeddable":true,"href":"https:\/\/mitikaconstructora.com.mx\/index.php\/wp-json\/wp\/v2\/comments?post=13"}],"version-history":[{"count":12,"href":"https:\/\/mitikaconstructora.com.mx\/index.php\/wp-json\/wp\/v2\/pages\/13\/revisions"}],"predecessor-version":[{"id":250,"href":"https:\/\/mitikaconstructora.com.mx\/index.php\/wp-json\/wp\/v2\/pages\/13\/revisions\/250"}],"wp:attachment":[{"href":"https:\/\/mitikaconstructora.com.mx\/index.php\/wp-json\/wp\/v2\/media?parent=13"}],"curies":[{"name":"wp","href":"https:\/\/api.w.org\/{rel}","templated":true}]}}